ivative of -s**6/120 + 2*s**5/15 - 5*s**4/24 - 5*s**3/6 - 3*s**2. What is the tens digit of c(6)?
3
Let r(m) = -3*m + 9. Let o(z) = z - 1. Let i(p) = -4*o(p) - r(p). Let x be i(-8). Suppose 0*w = -x*w + 21. What is the units digit of w?
7
Let c(g) = g**3 - 9*g**2 + 11*g - 12. Let s = -13 + 21. What is the tens digit of c(s)?
1
Suppose 3*o + 16 = -11. Let n = 17 + o. Suppose -n = -a - 3. What is the units digit of a?
5
Let p(a) = -a - 1. Let m(j) = j. Let x(q) = 10*q + 3. Let g(b) = -6*m(b) + x(b). Let u(k) = -6*g(k) - 26*p(k). What is the tens digit of u(6)?
2
Suppose -4*g = g - 225. What is the units digit of g?
5
Let w be (-45)/(-6)*4/6. Suppose c - w*d - 6 = 0, -4*d = 4*c - 7*d - 7. What is the units digit of c?
1
Suppose 2 = -a + 2*a, -2 = 2*n + a. What is the tens digit of 5*-20*1/n?
5
Let p be -5*(-2)/(2 + 0). What is the units digit of (-12)/(-30) - (-63)/p?
3
Let z(n) = -n**2 + 4*n - 2. Suppose 2*f = 1 + 5. What is the units digit of z(f)?
1
Suppose -w + 1 = -5. Suppose -3*r - 3*f + 81 = -w, 0 = -r + 2*f + 17. What is the tens digit of r?
2
Let n(o) = -o - 2. Let p be n(2). Let t be 25/p - 1/(-4). What is the units digit of (-56)/t + (-2)/(-3)?
0
Let s = 195 + -95. Let z = s + -40. Suppose -4*b + z = -5*p, -p = -7*b + 3*b + 44. What is the tens digit of b?
1
Let d(t) = -t**2 - 4*t + 5. Let u = 11 + -15. Let x be d(u). Suppose -x*b + 22 = -23. What is the units digit of b?
9
Suppose 2*u + 5*w = 49 - 0, u = -w + 17. Let b = -8 + u. Let y = b + 3. What is the units digit of y?
7
Let r(b) = -b**2 - 7*b - 1. Suppose -3*m = 1 - 13. Suppose z + x - m*x = 0, -3*z - 24 = 3*x. What is the units digit of r(z)?
5
Let p(y) = 4*y**2 + 1. Let q = 9 - 36. Let d be 6/q + (-22)/(-18). What is the units digit of p(d)?
5
Let v(g) = 10*g - 1. Let u be v(1). Suppose 7 = 2*s - u. Suppose -2*f + 16 = -s. What is the units digit of f?
2
Let s = 333 - 126. What is the tens digit of s?
0
Let z(p) = p**3 + 10*p**2 + 8*p + 11. Let u be (-2)/((-6)/27)*-1. What is the tens digit of z(u)?
2
Suppose -q = -8 - 0. What is the units digit of q?
8
Suppose -3*l - x = -103, -4*l + 2*x = -0*l - 134. What is the tens digit of l?
3
Let i = -77 - -108. Let v = i + -14. What is the tens digit of v?
1
Let f = -24 - -62. What is the units digit of f?
8
Let y = -4 - -8. Suppose -15 = -v - y*v. What is the units digit of v?
3
What is the tens digit of 4/10 - ((-632)/20 - -3)?
2
Let h(j) be the third derivative of -j**6/120 - j**5/12 + j**4/12 + j**3/3 + 8*j**2. What is the tens digit of h(-6)?
2
Let a = -98 + 62. Let z = 51 + a. What is the units digit of z?
5
Let c = -10 - 41. Let q = c - -71. What is the units digit of q?
0
What is the tens digit of (57/15 + -4)*-5 + 94?
9
Suppose -6*p = -p - 40. Suppose -31 = -5*w - 4*d - p, 5*w - d - 13 = 0. Suppose -4*k = -2*m - 40, 4 = -w*m + 4*m. What is the units digit of k?
2
Let l = 13 - 5. Suppose -3*k + l*k + 3*f - 184 = 0, 3*f = 3*k - 120. What is the tens digit of k?
3
Suppose 4*o - 4*c + 5*c - 420 = 0, 0 = c - 4. Suppose 0*b + 3*b = -2*q + o, 174 = 5*b + 4*q. What is the units digit of b?
4
Suppose 3*t - 1056 = f - 6*f, 5*t - 1760 = -3*f. What is the hundreds digit of t?
3
Suppose f - 3*g - 163 = 2*g, 3*f + 5*g = 389. What is the hundreds digit of f?
1
Suppose -49*h + 48*h = -141. What is the tens digit of h?
4
Let o(x) = -5*x**3 + 2*x**2 - x - 5. What is the tens digit of o(-3)?
5
Let v(f) = 2*f. Let x be v(-2). Let r be x + (2 - 1) - -1. What is the tens digit of -2*-4*1 - r?
1
Suppose 3*h = 10 - 4. What is the units digit of h?
2
What is the tens digit of (-827)/(-3) - (-2)/6?
7
Suppose 72 - 204 = -4*d. What is the units digit of d?
3
Let p = 9 + -7. Suppose 2*v = -p*v - 8. Let a = v - -6. What is the units digit of a?
4
Let n(x) = 378*x**2 + 2*x + 2. What is the units digit of n(-1)?
8
What is the hundreds digit of 1/((-2)/(-5) - 371/945)?
1
Let y(l) = 3*l**2 - 2*l + 4 - 1 - 2*l**2. Suppose 10 = 6*b - b. What is the units digit of y(b)?
3
Let f(k) = 5*k**2 - 2*k - 4. What is the tens digit of f(-2)?
2
Let r be (7/(-5) + 2)*5. Let i = -8 - -36. Suppose -i = -2*m - r*s + 19, -2*m + 52 = 4*s. What is the tens digit of m?
1
Suppose 5*r - 84 - 426 = 0. What is the tens digit of r?
0
Suppose 9 = -d - 2*d. Let p = 0 - d. What is the units digit of p/6*2/1?
1
Let u(i) = 16*i**2 - 5*i - 29. What is the tens digit of u(-5)?
9
Let s(m) = -m**3 + 5*m**2 + 6*m + 2. Let u be s(6). Suppose -9 = p + 4*p + u*h, 0 = 4*p + 2*h + 6. What is the units digit of (2/p)/((-2)/3)?
1
Suppose u = 4*u - 9. Suppose -c + 179 = 4*a, c = u*a - 0*c - 129. What is the units digit of a?
4
Let r(m) = -4*m - 11. What is the tens digit of r(-9)?
2
Let j be 2/2*1*-39. Let u = 1 - j. What is the tens digit of u?
4
Suppose 10 = 5*d, 1 = 5*w - d - 7. Suppose -w*q + 3*l = 2*q - 29, -5*q + 13 = 4*l. What is the units digit of q?
5
Suppose 5*f - 42 + 17 = 0. Suppose -f = -4*x + 19. What is the units digit of x?
6
Let z = 101 + -68. What is the units digit of z?
3
Let s(d) = d**2 - 4*d + 62. What is the units digit of s(0)?
2
Suppose 4 = -y - y. Let x = 5 + y. Suppose 0*u = x*u - 15. What is the units digit of u?
5
Suppose 3*n + 5*r - 153 + 51 = 0, -136 = -4*n + 2*r. Suppose 5*y - 2*b - b - 33 = 0, n = 5*y - 4*b. What is the units digit of y?
6
Suppose -631 = -3*b - w + 279, 1225 = 4*b - w. What is the tens digit of b?
0
Let n = -6 - -11. Suppose n + 1 = 3*p. Suppose 5*d + 4*x - 55 = 0, -d + 22 = p*x + x. What is the units digit of d?
7
Suppose -x - 5 = -0. What is the units digit of x*3*(-2)/15?
2
Suppose -4*l = -l - 57. Let w = -7 + l. What is the units digit of w?
2
Let c(b) = b**2 - 16*b - 34. What is the units digit of c(18)?
2
Let c(d) = -49*d + 1. Let s be c(1). Let a = s + 69. Suppose -r - 5*q = a, 4*r + 4*q = 3*r - 16. What is the units digit of r?
4
Let c be (2/(-4))/((-14)/1288). What is the units digit of (-4)/(-6) + c/3?
6
What is the tens digit of 0 - 9/3 - -84?
8
Suppose -4*t - 15 = 17. Let l(b) = b**2 + 6*b - 4. What is the tens digit of l(t)?
1
Suppose -7*g + 2*g = -25. Suppose -31 = -4*f - g*v, 3*f - v + 3*v - 18 = 0. What is the units digit of f?
4
Let q = -66 + 162. What is the tens digit of q?
9
Let f = -20 - -13. Let p = f + 17. Suppose -34 = -3*c - p. What is the units digit of c?
8
Let r(d) = d**3 - 7*d**2 - d - 3. Let o be r(7). Let w = 4 + o. What is the units digit of 2 + 1/((-3)/w)?
4
Suppose -4*a = 4*v + 36, 2*v = 5*a + 23 + 50. What is the tens digit of 2 + -5 + (0 - a)?
1
Let x be ((-28)/8 - -4)*6. Let b(k) = 5*k**2 - 3. What is the tens digit of b(x)?
4
What is the units digit of (142/(-6))/(1/3*-1)?
1
Let l be 66/30 - 2/10. Suppose -1 = p + l. Let s = 11 + p. What is the units digit of s?
8
Suppose -8*x + 938 = -1342. What is the hundreds digit of x?
2
Let u(s) be the first derivative of -5*s**3/3 + s**2 - s + 1. Let v be u(2). Let a = v - -34. What is the tens digit of a?
1
Let n(q) = -q**2 + 3*q + 3. Let p be n(3). Suppose -3*r = -p - 6. What is the units digit of r?
3
Suppose -8 = 2*h - 4*h. Suppose 2*w - 2 - h = 0, s = 3*w + 4. What is the tens digit of s?
1
Let c be 2 + 0/3 + 0. Suppose 2*i + 5*y = y + 28, 0 = -c*i - 3*y + 27. What is the tens digit of i?
1
Suppose 4*o + 18 = -q, 3*q + 4 + 5 = 3*o. Let d(t) = -t**3 - 6*t**2 + 3*t + 1. Let b be d(q). What is the units digit of (-1)/(b/(-9) + -2)?
9
Suppose -222 = -4*y + 106. Suppose 2*h + 10 = y. Suppose 0 = 4*r - 5*z + 2*z - h, 2*z = 4*r - 32. What is the units digit of r?
6
Suppose -9*t + 4*d - 600 = -13*t, -435 = -3*t + 2*d. What is the tens digit of t?
4
Suppose -2 = -3*a + 7. Suppose -f = a*f + 12. Let t = f + 11. What is the units digit of t?
8
Let j(p) = 3*p + 3. Let t be j(-5). Let f = 24 + t. What is the tens digit of f?
1
Suppose 2*p = -3*f + 527, 5*f - 3*p + 0*p = 853. What is the units digit of f?
3
Suppose -2*y + 9 = -y. Suppose -y = -3*t - f + 52, -3*t + 4*f = -56. What is the units digit of t?
0
Let g(n) = n**3 - 3*n**2 - 5*n + 4. Let j be g(4). Let k be 11 - (2*1 + -1). Suppose -4*y + q + 4*q = 9, j = 2*q - k. What is the units digit of y?
4
Let v(u) = 61*u**2 - u - 2. What is the tens digit of v(-1)?
6
Suppose -3*b = 5*k + 14, b + k = -b. Suppose 3*v + u - 20 = -u, -b*v + u + 4 = 0. Suppose o = q + 4, 0*o + 2 = 2*o + v*q. What is the units digit of o?
3
Let g be (-1)/(